6
Suppose 4*g - 61371 = -5*u + 10641, -3*g + u + 54028 = 0. Calculate the remainder when g is divided by 69.
68
Let a(j) = -2 + 11 + j + 22 - 2. What is the remainder when 26 is divided by a(-20)?
8
Suppose -3*a + 0*a + 249 = 0. Suppose -156*u = -157*u. Suppose u = 4*n - 11*n + 119. What is the remainder when a is divided by n?
15
Suppose -4*o - 3*y + 13 = 0, o + 16*y - 13*y = -8. Let g(j) = 5*j**2 + j - 9. Calculate the remainder when g(4) is divided by o.
5
Calculate the remainder when (7 - 23)*-10 + 0 is divided by 56.
48
Suppose -2*w + 2*r + 16 = 0, 1 = 5*w - 3*r - 43. Suppose -5*i - 20 = 5. What is the remainder when -37*(4 + i) - 0 is divided by w?
7
Let s = -494 + 496. Suppose s*m = -2*u + 78, 0 = -3*m - u + 2*u + 109. Calculate the remainder when m is divided by 30.
7
Let j(q) = -q**2 + 11*q + 7. What is the remainder when (-2564)/(-12) - (2 - 40/12) is divided by j(8)?
29
Suppose 4*b - t = 5503, 54*b - 50*b = -5*t + 5461. What is the remainder when b is divided by 34?
14
Suppose 53*q - 439 - 727 = 0. Suppose 7*f - 360 = 3*f + 5*k, -4*k - 90 = -f. Let o = 152 - f. Calculate the remainder when o is divided by q.
18
Let v = 76 - -55. Let y be 24/32 + v/(-4). Let b = y - -78. What is the remainder when b is divided by 7?
4
Let k(d) = -d**2 - 14*d - 21. Let o be k(-12). Suppose 8 = -4*z - 0*z, -3*z = o*p - 174. Calculate the remainder when 178 is divided by p.
58
Let m = 31 + -95. Let w = m - -64. Suppose -5*g - k + 400 = w, 2*k + 0*k - 247 = -3*g. Calculate the remainder when g is divided by 29.
21
Let c = -7416 - -7663. Calculate the remainder when c is divided by 198.
49
Suppose -9*c - 3*c = -84. Suppose -4*v - 157 = -5*y, -2 = 5*y - c. Let b = v + 62. Calculate the remainder when 143 is divided by b.
23
Let m(p) = -2*p**2 - 34*p + 20. Let j be (-19 - (1 + -6)) + 3/(-1). What is the remainder when 238 is divided by m(j)?
18
Let m = -325 + 328. Suppose 121 = m*y - 3*i + 49, 0 = -5*y - i + 114. What is the remainder when 86 is divided by y?
17
Let n(w) = 4*w - 15. Let o be n(9). Suppose 0 = -4*s - 3*s + o. Suppose -116 = -2*j - s*d, -2*j = 2*d - 51 - 61. What is the remainder when j is divided by 28?
24
Suppose -2*o = -6*o + 8. Suppose 2 = o*a - 16. Calculate the remainder when (-2*a/4)/(16/(-96)) is divided by 15.
12
Suppose v = -6*v + 56. Let s = -41 - -39. Calculate the remainder when s/(7/((-189)/6)) is divided by v.
1
Let q be (24 - (3 - 1))/(36/(-378)). Let j = q - -421. Calculate the remainder when j is divided by 24.
22
Let d = -367 - -439. Suppose 3*r - 95 = -x, -8*x - d = -2*r - 13*x. Calculate the remainder when 151 is divided by r.
27
Suppose -24*j + 2*p = -27*j + 877, -5*j = -3*p - 1487. Calculate the remainder when j is divided by 60.
55
Suppose -4*p - 5*f = -253, -186 - 73 = -4*p - 3*f. What is the remainder when p is divided by 11/33 - (-203)/(-105) - 915/(-25)?
32
Let v(c) = 7*c**3 + c**2 - 9*c - 24. Let t be v(-4). Let h = -408 - t. Calculate the remainder when 357 is divided by h.
9
Suppose 4*h - 11 = 21. Suppose 4*y - 2*f + 4 = 0, 4*y - 2*y = 4*f - h. Suppose y = -21*w + 26*w - 120. What is the remainder when w is divided by 13?
11
Suppose 37*k = 40*k + 15, 0 = -2*l - 3*k + 365. What is the remainder when 757 is divided by l?
187
Let u(x) = 2*x**3 - 39*x**2 - 403*x + 28. Calculate the remainder when 2761 is divided by u(27).
55
Let u = 996 + -962. Let i(w) = w**3 - 35*w**2 + 61*w + 79. Calculate the remainder when i(u) is divided by 27.
25
Suppose q = y - 0*y, 0 = 4*y - 12. Suppose 63 = -m + 2*m - 4*u, 171 = 3*m - q*u. What is the remainder when m is divided by 20?
15
Let l be 4/(-18) - (2 + (-2125)/45). Let i = l + -35. Suppose i*k = -5*k + 1350. Calculate the remainder when k is divided by 23.
21
Suppose 4*g + 2*g = 6. Suppose g = 4*p - 7. Suppose 0 = c - 37 - p. What is the remainder when 114 is divided by c?
36
Suppose 0*k + 2166 = -6*k. Let b = k + 447. Suppose -9 = -x + 21. What is the remainder when b is divided by x?
26
Let i = -7412 - -7431. Calculate the remainder when 2942 is divided by i.
16
Let q(d) = -57*d - 122. Suppose -2*l = 3*l - 3*t + 23, -4*t = 3*l + 8. What is the remainder when q(l) is divided by 10?
6
Suppose 0 = -4*i + 2*i + 10. Calculate the remainder when (-11200)/(-210) + 2/(-6) is divided by 2/i + (-93)/(-5).
15
Let o(l) = -2*l**2 + 27*l + 44. Let g be o(13). Suppose -3*i - 2*x + 340 = -i, -2 = -2*x. Calculate the remainder when i is divided by 3*(g/9 + 8).
40
Let p be (-2)/6*480/(-32). Suppose h - 238 = -p*u, h - u - 121 - 129 = 0. What is the remainder when h is divided by 28?
24
Suppose -4*x - 26046 = -2*g, g + x = -507 + 13536. Calculate the remainder when g is divided by 303.
301
Let k = 18661 - 18655. Calculate the remainder when 314 is divided by k.
2
Suppose 0 = r - 5*z - 25, 19 = 2*r - 2*z + 1. Let n be (r - 12/3)*30. Suppose -u = u - n. Calculate the remainder when 41 is divided by u.
11
What is the remainder when (97/(20370/6840))/(4/406) is divided by 207?
201
Let a be ((-3)/((-30)/(-25)))/(4/(-8)). Suppose a*x + 308 - 378 = 0. Calculate the remainder when 529 is divided by x.
11
Let f be 4 - 2 - (2 + -2). Suppose -r - 23 = -f*r. Let k = r + -14. What is the remainder when 44 is divided by k?
8
Let n be ((-3)/(-9) - 7/3)*-1. Suppose -4*a = n - 2. Suppose a = -b + 2*b - 12. What is the remainder when 26 is divided by b?
2
Suppose -4 = -5*n - 3*s + 5*s, 8 = 4*n - 4*s. Suppose n = 7*a - 33 - 163. What is the remainder when 108 is divided by a?
24
Let o be 0 + (-2 - -4)*3. Suppose o*p + 262 + 2288 = 0. Let g = 637 + p. Calculate the remainder when g is divided by 43.
40
Suppose 215*g + 82 = 217*g. Suppose -5*i + 106 = v - 65, 318 = 2*v - 2*i. What is the remainder when v is divided by g?
38
Let n be 6966/(-36)*1*-2. Let q = n - 374. Suppose -3*f + 4*o + 7 + 69 = 0, -4*f + 3*o = -99. Calculate the remainder when f is divided by q.
11
Let y = 12 + -8. Let l = 1111 - 1097. Calculate the remainder when l is divided by (y - -7) + (-1 - 1).
5
Let r = 1899 + -1050. Let s = 863 - r. Calculate the remainder when 316 is divided by s.
8
Suppose 3*f = 62 - 5. Let d = 256240 - 255710. What is the remainder when d is divided by f?
17
Suppose -68 + 433 = 5*d. What is the remainder when d is divided by 11*(6 - 5) + 3 + -3?
7
Suppose 4*t - 369 = -3*k, 96*t + 5*k = 92*t + 375. Calculate the remainder when t is divided by 17 - (-2)/3*3.
14
Suppose -19*z - 143 + 561 = 0. Let o(v) = -2*v**2 - 10*v - 6. Let r be o(-4). Calculate the remainder when z is divided by r/12 + (-799)/(-102).
6
Suppose -2*r = -116 - 230. Let s = r - 160. Suppose 3*u - 120 - 63 = 0. What is the remainder when u is divided by s?
9
What is the remainder when 206 is divided by 5*((-154)/(-231) - (1 - (-1012)/(-30)))?
39
Let r(y) = -y**2 - 13*y - 16. Let w be (-11)/(-3 - (-11 + 7)). What is the remainder when 221 is divided by r(w)?
5
Suppose 2*t - 4 = 0, 607 + 279 = 4*y + t. What is the remainder when y is divided by 213?
8
Let a(o) = 2*o**3 - 162*o**2 + 3136*o + 24. What is the remainder when a(32) is divided by (-4)/6 - 51/(-9)?
4
Suppose 3*z - 4*h = 91, 3*z + 2*h - 1009 + 888 = 0. What is the remainder when 10877 is divided by z?
36
Let z = 2823 - 2167. Calculate the remainder when z is divided by 161.
12
Let y(o) = -o + 2. Let g be y(3). Let w = 72 - 48. What is the remainder when 4/5*(86 + g) is divided by w?
20
Let w = 22 + -33. Let v be (w + 9)/((-4)/(-14)). Let i(d) = -d**3 - 8*d**2 - 11*d - 12. What is the remainder when 45 is divided by i(v)?
13
Suppose -142*r = -9277 + 4165. What is the remainder when 3885 is divided by r?
33
Let h = -102 - -104. Let x = 103 + -50. Calculate the remainder when x is divided by -5 + h*69/6.
17
Suppose 0 = l + 2, -4*l + 7 = q - 6*q. Calculate the remainder when 11 is divided by q/((-5)/(75/9)).
1
Suppose -3*m = 5*t + 786, -153 = t + 4*m - 2*m. Calculate the remainder when 153 is divided by -4 - (-120)/35 - t/21.
6
Let h be (-26)/(-1)*(1 + -4)/6. Let t(a) = -2*a - 29. Let z be t(h). What is the remainder when -3*z/15 + 287/5 is divided by 31?
27
Let k = -5240 - -5421. What is the remainder when k is divided by 89?
3
Let f = 7 - 4. What is the remainder when (-562)/(-18) - (-2)/(-9) is divided by f/1*(-80)/(-15)?
15
Let z(y) = -y**2 + 27*y + 10. Let u = -273 - -280. What is the remainder w